he prime factors of x.
2, 5
List the prime factors of -76*1/(-2)*1.
2, 19
Let w be (5/1)/((-3)/(-3)). What are the prime factors of (3 - 2)/(w/70)?
2, 7
Suppose 5*u + 4 = 29. List the prime factors of (4/u)/(6/15).
2
Let o(z) = 56*z**2 - 1. What are the prime factors of o(-1)?
5, 11
Let w = 296 - -559. What are the prime factors of (1/(-3))/((-15)/w)?
19
Let l = 385 - 254. What are the prime factors of l?
131
Suppose -2*r + 112 = -68. What are the prime factors of r?
2, 3, 5
Suppose 0 = -4*a + 3*a + 4. Let q = a - 6. Let z = 11 + q. List the prime factors of z.
3
Let s = 10 + -6. List the prime factors of s.
2
Suppose -2*l - 2 - 8 = s, 8 = 4*s - 4*l. Let y be -3*(-2)/6*s. Let i = 6 - y. What are the prime factors of i?
2
Let s be 2/4*2*-9. List the prime factors of 3 - s/(-3) - -17.
17
Let p(b) = 6*b - 4. Let h be p(4). Suppose 2*m + h = 4*m. What are the prime factors of m?
2, 5
Suppose 5*m + 387 = -33. What are the prime factors of (m/15)/(1/(-5))?
2, 7
Suppose -3*o + 4*g + 4 = 0, -2*g - 1 = o - g. Suppose -u + 8 + 6 = o. List the prime factors of (6 + -5)/(1/u).
2, 7
Suppose -13 - 2 = 5*h, j - 39 = 3*h. List the prime factors of j.
2, 3, 5
Suppose 10 = -4*n + 2. List the prime factors of (-23)/((-3)/(-6)*n).
23
Let t(y) = y**3 - 4*y**2 - 4*y - 5. Let k = 13 - 8. Let i be t(k). List the prime factors of i + 2 - 1/(-1).
3
Let b = 187 - 30. List the prime factors of b.
157
Suppose -2*n - 42 = -2*q, 0 = 4*q - 2*n - 40 - 50. Suppose 5*x = -p + 8, -3*x + 8*x + q = 3*p. List the prime factors of p.
2
Let q(k) = k**3 + 9*k**2 - 7*k. Let p be q(-7). Let n = 0 + 12. List the prime factors of p/n - (-2)/(-8).
2, 3
Let j(c) = c + 9. Let t be j(-7). Let n(i) = 2*i + 2 + i**t + i**2 + 0*i**2 - i**3 + 0*i**2. What are the prime factors of n(-2)?
2, 7
Suppose -5*p + 139 = 29. What are the prime factors of p?
2, 11
Let z(i) = 2*i. Let s be z(1). Let t(g) be the third derivative of g**4/4 - g**3/3 - 6*g**2. List the prime factors of t(s).
2, 5
Suppose -r = -3*i + 7, 17 = 3*i + 4*r - 0*r. Suppose -3*b - 12 = -i*t, -5*b = 4*t - 0*b - 16. List the prime factors of t.
2
Let l = 1 - -2. Suppose -96 = -l*t - t. List the prime factors of t.
2, 3
Suppose -5*b = -4 - 6. Suppose -b*a = -34 - 8. List the prime factors of a.
3, 7
Let s = 28 + 72. What are the prime factors of s?
2, 5
Let h(y) = -3*y - 7. List the prime factors of h(-3).
2
What are the prime factors of -3 - (-11)/(11/6)?
3
Let j(t) = -t + 5. Let z be j(10). Let n = z + 10. Suppose 5*m = -n*b - 0*b + 25, -3 = -3*b. What are the prime factors of m?
2
Let d be (-90)/27 - (-2)/6. Let y(n) = -6*n - 4. List the prime factors of y(d).
2, 7
Let t(v) = -3*v - 20. Let o be t(-9). What are the prime factors of 11/o + (-9)/(-21)?
2
Let l = 23 - 13. List the prime factors of l.
2, 5
Suppose h + 234 = 2*j - h, 0 = 5*j + h - 609. What are the prime factors of j?
11
Let w be 5/4*2*-2. Let c be w*(-3 + 0 + 1). Suppose -4*r = -42 + c. What are the prime factors of r?
2
Suppose 0 = 2*x - t + 2, 2*x - t + 4 = -2*x. List the prime factors of x + (-2 - 22)/(-1).
23
Let a(n) = -n**3 + 4*n**2 + 4*n - 2. Let k be a(4). Let v = 26 - k. What are the prime factors of v?
2, 3
Let p be 2/8 + (-57)/(-12). Let t = p + 1. List the prime factors of 9/t*(3 + 1).
2, 3
Suppose 10 = 3*k - k. Suppose -z = 3*i - 8, 3*z + 0*z + k*i - 24 = 0. List the prime factors of z.
2
Suppose -3*b = -15 - 6. What are the prime factors of b?
7
What are the prime factors of 3*(-4 + 320/12)?
2, 17
Suppose 3*g = 5*g - 46. Suppose -4*c + 5*z - g = 17, -z + 9 = -c. Let k(t) = t**3 + 6*t**2 + 3*t - 1. What are the prime factors of k(c)?
3
Let a(j) be the second derivative of 3*j**3/2 - 7*j**2/2 + 8*j. List the prime factors of a(3).
2, 5
Let m(q) = -q**2 + 9*q - 10. Let d be m(7). Suppose d*v + 4*k = -k - 36, 5*v = 4*k - 4. List the prime factors of 14/v*-2 - -2.
3
Suppose -18 = -k - 4. Let i = 35 - k. List the prime factors of i.
3, 7
Let j(k) = 16*k**2 - 3*k + 6. Let m(b) = -15*b**2 + 3*b - 7. Let o(g) = 5*j(g) + 4*m(g). List the prime factors of o(1).
19
Let x(y) = 5*y**2 + 3*y + 1. Let i be x(-2). Let s = -1 + i. What are the prime factors of s?
2, 7
Suppose 284 + 3036 = 8*s. List the prime factors of s.
5, 83
Suppose 4*a - 1 + 2 = 3*h, -2*a = -4*h + 8. Suppose -3*r = -3*p - 30, 3*r + 2*r + h*p - 82 = 0. List the prime factors of r.
2, 7
Suppose 4*c = -9*c + 2782. What are the prime factors of c?
2, 107
Let p be -17 + -2 - (-1 + 0). Let o = p - -10. What are the prime factors of (-18)/o*(4 + 0)?
3
Let q = -7 + 12. Let c(k) = -2*k + 4. Let f be c(-3). Let o = f - q. List the prime factors of o.
5
What are the prime factors of ((-72)/28)/(3/(-21))?
2, 3
Suppose -411 = -5*z - 1. List the prime factors of z.
2, 41
Let n(m) = 11*m**2. Let p be n(-1). Let c = p - 7. Suppose 0 = c*r + 3*w - 59, r + 2*r - 13 = 4*w. What are the prime factors of r?
11
Let t = -2 + 8. Let z(r) = r - 14. Let f be z(t). Let x = f - -10. List the prime factors of x.
2
Let l(t) = t - 2. Let u be l(0). Let p = 17 + u. What are the prime factors of p?
3, 5
Suppose -4*g + 11 = -9. Let q(y) be the first derivative of -y**4/4 + 2*y**3 - y**2 - y - 7. List the prime factors of q(g).
2, 7
Let a(k) = k**2 - 4. Let v be a(-3). Suppose 3*n = 2*n. Let i = n + v. List the prime factors of i.
5
Let a(q) = 9*q - 1. Let w be a(5). Let c = 63 - w. List the prime factors of c.
19
Let l(w) = -w**3 + 6*w**2 - 3*w - 6. Let v be 46/10 + 10/25. Let j be l(v). Suppose -77 = -j*p - 0*p - 5*g, 47 = 4*p - g. List the prime factors of p.
13
What are the prime factors of -956*(-9)/60 - 4/10?
11, 13
Suppose 0*j - j + 23 = 0. List the prime factors of 2 + j + (1 - 0).
2, 13
Suppose -5*o = 5*h - 850, -775 + 131 = -4*o + 5*h. What are the prime factors of o?
2, 83
Let y(b) = -2 - b + 1 - 4 + 8*b**2 + b**3. Let m be y(-8). Let w(x) = x**2 - x - 4. What are the prime factors of w(m)?
2
Let u(t) = -t + 20. List the prime factors of u(0).
2, 5
Suppose 2*n + 62 = c - 2*n, -3*n - 124 = -2*c. What are the prime factors of c?
2, 31
Suppose 0 = -5*b - 150 - 100. What are the prime factors of (-20)/b + 78/5?
2
List the prime factors of (-5 + (-9 - -2))*174/(-8).
3, 29
Let g be 3/(-1 - 2)*-1. Let q(o) = 9*o**2 - 2*o + 1. List the prime factors of q(g).
2
Let n = 58 - 30. Let c be 14*-1*(-96)/n. Suppose 0 = 6*h - 2*h - c. What are the prime factors of h?
2, 3
List the prime factors of 282*(-4 + (-5)/(-1)).
2, 3, 47
Suppose -3*q + 2*y - 10 = 0, 2*y = -q - 0*q - 14. Suppose 2*g - 44 = -18. Let n = q + g. What are the prime factors of n?
7
Let b = 725 - 502. List the prime factors of b.
223
Let m(d) = d - 3. Let r be m(2). What are the prime factors of (2 - r/(-1)) + 3?
2
Suppose 5*h - 304 = -4*d + 106, -3*h + 246 = -3*d. Suppose 2*w - 64 = 2*f, 3*f = -2*w - f + h. List the prime factors of 605/w + 2/(-7).
17
Suppose 0*d + 5*d = 5. Suppose 5 + d = b - 2*n, -5*b = -4*n - 54. What are the prime factors of b?
2, 7
Let r(l) = l**3 - l**2 - l + 1. Let z be r(2). Let i(x) = -8*x - 5*x**z + 0*x**3 + 6*x**3 - 7*x**2 + 2. What are the prime factors of i(8)?
2
Suppose 7*b = -0*b + 574. List the prime factors of b.
2, 41
Suppose 0 + 3 = -o. What are the prime factors of o + (-5)/(5/(-12))?
3
Let j = 2 - -15. List the prime factors of j.
17
Let p = -9 - -3. What are the prime factors of 27/p*(-4)/3?
2, 3
Suppose 0*f + 65 = 5*o - 4*f, 0 = 4*o + 5*f - 11. Let y = o - -27. What are the prime factors of y?
2, 3
Let o be 1*-5*180/25. List the prime factors of 6/(-4)*768/o.
2
Suppose -4*m + 4*y = -52, 4*m + 0*y - 48 = 2*y. List the prime factors of m.
11
List the prime factors of (-303)/(-27) - 6/27.
11
Let i be -2 + 18/(-1 + -2). List the prime factors of 27/12 + 2/i.
2
Suppose -39 = -4*i + 3*g, -3 - 2 = g. Suppose o = i - 3. Let n(l) = l**3 - 3*l**2 + 2. List the prime factors of n(o).
2
Let d = -1 - -3. Suppose -4 = 3*i + d*v - 168, -3*i = 5*v - 176. Suppose -2*s + 4*s - 32 = 4*y, 5*s - 3*y - i = 0. What are the prime factors of s?
2
Let w be 6/(-5)*20/(-6). Suppose 44 + w = 2*p. List the prime factors of p.
2, 3
Suppose -2*y = -3*a - 362, -4*y + a - 2*a + 752 = 0. What are the prime factors of y?
11, 17
Let r(t) be the second derivative of 0*t**3 + 0 + t**2 - 1/4*t**4 + 3/20*t**5 + t. What are the prime factors of r(2)?
2, 7
Let k = -29 - -31. L